e the prime factors of 2232?
2, 3, 31
List the prime factors of 7516.
2, 1879
What are the prime factors of 1411?
17, 83
What are the prime factors of 1733?
1733
List the prime factors of 1986.
2, 3, 331
List the prime factors of 53352.
2, 3, 13, 19
List the prime factors of 723.
3, 241
List the prime factors of 43449.
3, 7, 2069
What are the prime factors of 61506?
2, 3, 17, 67
List the prime factors of 10453.
10453
What are the prime factors of 1725?
3, 5, 23
List the prime factors of 18850.
2, 5, 13, 29
List the prime factors of 8056.
2, 19, 53
What are the prime factors of 430?
2, 5, 43
What are the prime factors of 32379?
3, 43, 251
List the prime factors of 1487.
1487
List the prime factors of 6841.
6841
What are the prime factors of 2743?
13, 211
List the prime factors of 1065.
3, 5, 71
What are the prime factors of 816?
2, 3, 17
What are the prime factors of 1977?
3, 659
List the prime factors of 798.
2, 3, 7, 19
List the prime factors of 9533.
9533
What are the prime factors of 87755?
5, 17551
What are the prime factors of 30441?
3, 73, 139
List the prime factors of 25328.
2, 1583
What are the prime factors of 1318?
2, 659
What are the prime factors of 7382?
2, 3691
What are the prime factors of 3239?
41, 79
What are the prime factors of 805?
5, 7, 23
List the prime factors of 13516.
2, 31, 109
List the prime factors of 18324.
2, 3, 509
List the prime factors of 539.
7, 11
What are the prime factors of 7213?
7213
List the prime factors of 1296.
2, 3
What are the prime factors of 7222?
2, 23, 157
List the prime factors of 3886.
2, 29, 67
What are the prime factors of 259?
7, 37
List the prime factors of 1589.
7, 227
What are the prime factors of 38426?
2, 19213
List the prime factors of 124999.
7, 2551
What are the prime factors of 7447?
11, 677
List the prime factors of 670.
2, 5, 67
List the prime factors of 3007.
31, 97
What are the prime factors of 49693?
7, 31, 229
What are the prime factors of 6632?
2, 829
What are the prime factors of 1126?
2, 563
What are the prime factors of 26057?
71, 367
List the prime factors of 96329.
96329
List the prime factors of 4832.
2, 151
What are the prime factors of 17778?
2, 3, 2963
What are the prime factors of 107985?
3, 5, 23, 313
List the prime factors of 8009.
8009
List the prime factors of 6982.
2, 3491
What are the prime factors of 104596?
2, 79, 331
What are the prime factors of 707?
7, 101
List the prime factors of 3651.
3, 1217
What are the prime factors of 522?
2, 3, 29
List the prime factors of 11380.
2, 5, 569
What are the prime factors of 365?
5, 73
What are the prime factors of 3720?
2, 3, 5, 31
List the prime factors of 103268.
2, 11, 2347
List the prime factors of 17074.
2, 8537
What are the prime factors of 2202?
2, 3, 367
List the prime factors of 11441.
17, 673
What are the prime factors of 438?
2, 3, 73
What are the prime factors of 7116?
2, 3, 593
List the prime factors of 17593.
73, 241
List the prime factors of 57383.
57383
List the prime factors of 23632.
2, 7, 211
What are the prime factors of 865?
5, 173
List the prime factors of 18699.
3, 23, 271
What are the prime factors of 3582?
2, 3, 199
List the prime factors of 1172.
2, 293
List the prime factors of 1766.
2, 883
What are the prime factors of 1449?
3, 7, 23
What are the prime factors of 6105?
3, 5, 11, 37
List the prime factors of 3580.
2, 5, 179
List the prime factors of 313.
313
List the prime factors of 33154.
2, 11, 137
List the prime factors of 46069.
23, 2003
List the prime factors of 1182.
2, 3, 197
What are the prime factors of 16140?
2, 3, 5, 269
What are the prime factors of 1369?
37
What are the prime factors of 20728?
2, 2591
What are the prime factors of 42679?
7, 13, 67
List the prime factors of 43599.
3, 14533
List the prime factors of 841.
29
What are the prime factors of 50705?
5, 10141
What are the prime factors of 8428?
2, 7, 43
List the prime factors of 46158.
2, 3, 7, 157
What are the prime factors of 74101?
74101
What are the prime factors of 2417?
2417
List the prime factors of 50169.
3, 7, 2389
What are the prime factors of 30880?
2, 5, 193
What are the prime factors of 1770?
2, 3, 5, 59
What are the prime factors of 125778?
2, 3, 20963
List the prime factors of 1391.
13, 107
List the prime factors of 17223.
3, 5741
What are the prime factors of 2773?
47, 59
What are the prime factors of 34625?
5, 277
What are the prime factors of 36749?
36749
What are the prime factors of 8031?
3, 2677
What are the prime factors of 22715?
5, 7, 11, 59
List the prime factors of 4728.
2, 3, 197
What are the prime factors of 39902?
2, 71, 281
List the prime factors of 11298.
2, 3, 7, 269
What are the prime factors of 3798?
2, 3, 211
List the prime factors of 13885.
5, 2777
List the prime factors of 1709.
1709
List the prime factors of 10977.
3, 3659
List the prime factors of 7225.
5, 17
List the prime factors of 2957.
2957
List the prime factors of 28659.
3, 41, 233
What are the prime factors of 322?
2, 7, 23
List the prime factors of 1023.
3, 11, 31
List the prime factors of 4652.
2, 1163
List the prime factors of 1317.
3, 439
What are the prime factors of 32029?
32029
List the prime factors of 5369.
7, 13, 59
What are the prime factors of 94785?
3, 5, 71, 89
What are the prime factors of 111580?
2, 5, 7, 797
What are the prime factors of 349?
349
What are the prime factors of 63447?
3, 21149
List the prime factors of 28558.
2, 109, 131
What are the prime factors of 3254?
2, 1627
What are the prime factors of 387?
3, 43
List the prime factors of 1352.
2, 13
What are the prime factors of 644?
2, 7, 23
List the prime factors of 23169.
3, 7723
What are the prime factors of 10750?
2, 5, 43
List the prime factors of 18930.
2, 3, 5, 631
List the prime factors of 55595.
5, 11119
List the prime factors of 1415.
5, 283
List the prime factors of 5243.
7, 107
What are the prime factors of 2192?
2, 137
What are the prime factors of 9228?
2, 3, 769
List the prime factors of 1441.
11, 131
What are the prime factors of 1109?
1109
What are the prime factors of 613?
613
List the prime factors of 508.
2, 127
What are the prime factors of 8027?
23, 349
List the prime factors of 56982.
2, 3, 9497
What are the prime factors of 4558?
2, 43, 53
List the prime factors of 14409.
3, 1601
List the prime factors of 76218.
2, 3, 12703
What are the prime factors of 7929?
3, 881
What are the prime factors of 3022?
2, 1511
List the prime factors of 1249.
1249
What are the prime factors of 6562?
2, 17, 193
What are the prime factors of 2483?
13, 191
What are the prime factors of 1413?
3, 157
List the prime factors of 13874.
2, 7, 991
List the prime factors of 55671.
3, 7, 11, 241
List the prime factors of 7211.
7211
List the prime factors of 3539.
3539
What are the prime factors of 11864?
2, 1483
What are the prime factors of 8420?
2, 5, 421
What are the prime factors of 225?
3, 5
What are the prime factors of 39411?
3, 29, 151
What are the prime factors of 810?
2, 3, 5
What are the prime factors of 6275?
5, 251
What are the prime factors of 93417?
3, 31139
What are the prime factors of 351?
3, 13
What are the prime factors of 20402?
2, 101
List the prime factors of 1395.
3, 5, 31
List the prime factors of 772.
2, 193
List the prime factors of 4520.
2, 5, 113
What are the prime factors of 73?
73
List the prime factors of 768.
2, 3
What are the prime factors of 7746?
2, 3, 1291
What are the prime factors of 433?
433
List the prime factors of 821.
821
What are the prime factors of 2151?
3, 239
List the prime factors of 2358.
2, 3, 131
What are the prime factors of 3083?
3083
List the prime factors of 652.
2, 163
What are the prime factors of 2632?
2, 7, 47
What are the prime factors of 28419?
3, 9473
List the prime factors of 1030.
2, 5, 103
List the prime factors of 8984.
2, 1123
What are the prime factors of 524?
2, 131
List the prime factors of 14139.
3, 1571
What are the prime factors of 467?
467
What are the prime factors of 27325?
5, 1093
List the prime factors of 1217.
1217
List the prime factors of 645.
3, 5, 43
What are the prime factors of 6168?
2, 3, 257
What are the prime factors of 442?
2, 13, 17
What are the prime factors of 2499?
3, 7, 17
List the prime factors of 7852.
2, 13, 151
What are the prime factors of 147648?
2, 3